{"id":1075,"date":"2024-12-12T19:02:56","date_gmt":"2024-12-12T18:02:56","guid":{"rendered":"https:\/\/www.luzern-potsdam.ch\/?page_id=1075"},"modified":"2026-02-25T17:07:44","modified_gmt":"2026-02-25T16:07:44","slug":"anmeldung-abendessen-mit-potsdamer-delegation","status":"publish","type":"page","link":"https:\/\/www.luzern-potsdam.ch\/?page_id=1075","title":{"rendered":"&#8222;Partnerstadt Potsdam &#8211; immer eine Reise wert&#8220;"},"content":{"rendered":"\n<p>Impressionen und Infos<br \/>\u00d6ffentliche Veranstaltung (gratis, Anmeldung nicht erforderlich)<br \/>Eine Kooperation der Vereine St\u00e4dtepartnerschaft Luzern-Potsdam und dem Sentitreff<\/p>\n\n\n\n<div class=\"wp-block-columns is-layout-flex wp-container-core-columns-is-layout-9d6595d7 wp-block-columns-is-layout-flex\">\n<div class=\"wp-block-column is-layout-flow wp-block-column-is-layout-flow\">\n<figure class=\"wp-block-table\"><table><tbody><tr><td>Ort:<\/td><td>Sentitreff Luzern<\/td><\/tr><tr><td>Datum:<\/td><td>20. M\u00e4rz 2026<\/td><\/tr><tr><td>Zeit:<\/td><td>19.30 Uhr<\/td><\/tr><\/tbody><\/table><\/figure>\n<\/div>\n\n\n\n<div class=\"wp-block-column is-layout-flow wp-block-column-is-layout-flow\"><\/div>\n\n\n\n<div class=\"wp-block-column is-layout-flow wp-block-column-is-layout-flow\"><\/div>\n<\/div>\n\n\n\n<figure class=\"wp-block-image size-large\"><img loading=\"lazy\" decoding=\"async\" width=\"725\" height=\"1024\" src=\"https:\/\/www.luzern-potsdam.ch\/wp-content\/uploads\/2026\/02\/Flyer-Potsdam-26-725x1024.jpg\" alt=\"\" class=\"wp-image-1246\" srcset=\"https:\/\/www.luzern-potsdam.ch\/wp-content\/uploads\/2026\/02\/Flyer-Potsdam-26-725x1024.jpg 725w, https:\/\/www.luzern-potsdam.ch\/wp-content\/uploads\/2026\/02\/Flyer-Potsdam-26-212x300.jpg 212w, https:\/\/www.luzern-potsdam.ch\/wp-content\/uploads\/2026\/02\/Flyer-Potsdam-26-142x200.jpg 142w, https:\/\/www.luzern-potsdam.ch\/wp-content\/uploads\/2026\/02\/Flyer-Potsdam-26-768x1084.jpg 768w, https:\/\/www.luzern-potsdam.ch\/wp-content\/uploads\/2026\/02\/Flyer-Potsdam-26-1088x1536.jpg 1088w, https:\/\/www.luzern-potsdam.ch\/wp-content\/uploads\/2026\/02\/Flyer-Potsdam-26-1450x2048.jpg 1450w, https:\/\/www.luzern-potsdam.ch\/wp-content\/uploads\/2026\/02\/Flyer-Potsdam-26-800x1130.jpg 800w, https:\/\/www.luzern-potsdam.ch\/wp-content\/uploads\/2026\/02\/Flyer-Potsdam-26-scaled.jpg 1813w\" sizes=\"auto, (max-width: 725px) 100vw, 725px\" \/><\/figure>\n","protected":false},"excerpt":{"rendered":"<p>Impressionen und Infos\u00d6ffentliche Veranstaltung (gratis, Anmeldung nicht erforderlich)Eine Kooperation der Vereine St\u00e4dtepartnerschaft Luzern-Potsdam und dem Sentitreff Ort: Sentitreff Luzern Datum: 20. M\u00e4rz 2026 Zeit: 19.30 Uhr<\/p>\n","protected":false},"author":6,"featured_media":0,"parent":0,"menu_order":0,"comment_status":"closed","ping_status":"closed","template":"","meta":{"footnotes":""},"class_list":["post-1075","page","type-page","status-publish","hentry"],"_links":{"self":[{"href":"https:\/\/www.luzern-potsdam.ch\/index.php?rest_route=\/wp\/v2\/pages\/1075","targetHints":{"allow":["GET"]}}],"collection":[{"href":"https:\/\/www.luzern-potsdam.ch\/index.php?rest_route=\/wp\/v2\/pages"}],"about":[{"href":"https:\/\/www.luzern-potsdam.ch\/index.php?rest_route=\/wp\/v2\/types\/page"}],"author":[{"embeddable":true,"href":"https:\/\/www.luzern-potsdam.ch\/index.php?rest_route=\/wp\/v2\/users\/6"}],"replies":[{"embeddable":true,"href":"https:\/\/www.luzern-potsdam.ch\/index.php?rest_route=%2Fwp%2Fv2%2Fcomments&post=1075"}],"version-history":[{"count":20,"href":"https:\/\/www.luzern-potsdam.ch\/index.php?rest_route=\/wp\/v2\/pages\/1075\/revisions"}],"predecessor-version":[{"id":1247,"href":"https:\/\/www.luzern-potsdam.ch\/index.php?rest_route=\/wp\/v2\/pages\/1075\/revisions\/1247"}],"wp:attachment":[{"href":"https:\/\/www.luzern-potsdam.ch\/index.php?rest_route=%2Fwp%2Fv2%2Fmedia&parent=1075"}],"curies":[{"name":"wp","href":"https:\/\/api.w.org\/{rel}","templated":true}]}}

<p>Impressionen und Infos<br />Öffentliche Veranstaltung (gratis, Anmeldung nicht erforderlich)<br />Eine Kooperation der Vereine Städtepartnerschaft Luzern-Potsdam und dem Sentitreff</p>



<div class="wp-block-columns is-layout-flex wp-container-core-columns-is-layout-9d6595d7 wp-block-columns-is-layout-flex">
<div class="wp-block-column is-layout-flow wp-block-column-is-layout-flow">
<figure class="wp-block-table"><table><tbody><tr><td>Ort:</td><td>Sentitreff Luzern</td></tr><tr><td>Datum:</td><td>20. März 2026</td></tr><tr><td>Zeit:</td><td>19.30 Uhr</td></tr></tbody></table></figure>
</div>



<div class="wp-block-column is-layout-flow wp-block-column-is-layout-flow"></div>



<div class="wp-block-column is-layout-flow wp-block-column-is-layout-flow"></div>
</div>



<figure class="wp-block-image size-large"><img loading="lazy" decoding="async" width="725" height="1024" src="https://www.luzern-potsdam.ch/wp-content/uploads/2026/02/Flyer-Potsdam-26-725x1024.jpg" alt="" class="wp-image-1246" srcset="https://www.luzern-potsdam.ch/wp-content/uploads/2026/02/Flyer-Potsdam-26-725x1024.jpg 725w, https://www.luzern-potsdam.ch/wp-content/uploads/2026/02/Flyer-Potsdam-26-212x300.jpg 212w, https://www.luzern-potsdam.ch/wp-content/uploads/2026/02/Flyer-Potsdam-26-142x200.jpg 142w, https://www.luzern-potsdam.ch/wp-content/uploads/2026/02/Flyer-Potsdam-26-768x1084.jpg 768w, https://www.luzern-potsdam.ch/wp-content/uploads/2026/02/Flyer-Potsdam-26-1088x1536.jpg 1088w, https://www.luzern-potsdam.ch/wp-content/uploads/2026/02/Flyer-Potsdam-26-1450x2048.jpg 1450w, https://www.luzern-potsdam.ch/wp-content/uploads/2026/02/Flyer-Potsdam-26-800x1130.jpg 800w, https://www.luzern-potsdam.ch/wp-content/uploads/2026/02/Flyer-Potsdam-26-scaled.jpg 1813w" sizes="auto, (max-width: 725px) 100vw, 725px" /></figure>

<p>Impressionen und InfosÖffentliche Veranstaltung (gratis, Anmeldung nicht erforderlich)Eine Kooperation der Vereine Städtepartnerschaft Luzern-Potsdam und dem Sentitreff Ort: Sentitreff Luzern Datum: 20. März 2026 Zeit: 19.30 Uhr</p>
