{"id":32,"date":"2015-08-09T19:39:55","date_gmt":"2015-08-09T17:39:55","guid":{"rendered":"http:\/\/www.luzern-potsdam.ch\/?page_id=32"},"modified":"2023-09-19T18:49:55","modified_gmt":"2023-09-19T17:49:55","slug":"vereinszweck","status":"publish","type":"page","link":"https:\/\/www.luzern-potsdam.ch\/?page_id=32","title":{"rendered":"Vereinszweck"},"content":{"rendered":"<p style=\"text-align: justify;\">Nachfolgend die Statuten des Vereins St\u00e4dtepartnerschaft Luzern-Potsdam.<\/p>\n<h3 style=\"text-align: justify;\">1. NAME, SITZ UND ZWECK<\/h3>\n<p style=\"text-align: justify;\">1.1 Unter dem Namen &#8222;Verein St\u00e4dtepartnerschaft Luzern-Potsdam&#8220; besteht nach Art. 60 ff. ZGB ein politisch und konfessionell neutraler Verein. Der Verein hat seinen Sitz in der Stadt Luzern.<\/p>\n<p style=\"text-align: justify;\">1.2 Der Verein bezweckt die F\u00f6rderung und Vertiefung der gesellschaftlichen, wirtschaftlichen, sozialen, sportlichen, bildungspolitischen und kulturellen Beziehungen zwischen den St\u00e4dten Luzern und Potsdam.<\/p>\n<h3 style=\"text-align: justify;\">2. MITGLIEDSCHAFT<\/h3>\n<p style=\"text-align: justify;\">2.1 Die Mitgliedschaft besteht aus Tr\u00e4gerinstitutionen und Einzelmitgliedern (juristische und nat\u00fcrliche Personen), welche die Ziele des Vereins unterst\u00fctzen.<\/p>\n<p style=\"text-align: justify;\">2.2 Der Vorstand entscheidet \u00fcber die Aufnahme in den Verein. Gegen den Entscheid des Vorstandes kann innert 30 Tagen seit dessen Zustellung bei der Generalversammlung Beschwerde erhoben werden.<\/p>\n<p style=\"text-align: justify;\">2.3 Der Austritt erfolgt durch Abgabe einer schriftlichen Austrittserkl\u00e4rung. Er kann unter Ber\u00fccksichtigung einer 6-monatigen K\u00fcndigungsfrist auf Jahresende erfolgen.<\/p>\n<p style=\"text-align: justify;\">2.4 Mitglieder, welche die statutarischen Verpflichtungen nicht erf\u00fcllen, den Interessen des Vereines zuwider handeln oder dessen Ansehen gef\u00e4hrden, k\u00f6nnen durch den Vorstand, mit Weiterzugsrecht an die Generalversammlung, ausgeschlossen werden.<\/p>\n<h3 style=\"text-align: justify;\">3. MITTEL<\/h3>\n<p style=\"text-align: justify;\">3.1 Mitgliederbeitr\u00e4ge, Schenkungen und Beitr\u00e4ge der \u00f6ffentlichen Hand bilden die Mittel des Vereins.<\/p>\n<p style=\"text-align: justify;\">3.2 F\u00fcr die Verbindlichkeiten des Vereins haftet ausschliesslich das Vereinsverm\u00f6gen. Jede pers\u00f6nliche Haftung der Mitglieder ist ausgeschlossen.<\/p>\n<p style=\"text-align: justify;\">3.3 Die H\u00f6he des Mitgliederbeitrages wird j\u00e4hrlich von der Generalversammlung neu festgesetzt. Der Mitgliederbeitrag f\u00fcr Einzelpersonen betr\u00e4gt maximal Fr. 60.&#8211;, f\u00fcr Studierende maximal 40.&#8211;, f\u00fcr Paare und Familien maximal 120.&#8211; und f\u00fcr Firmen und Institutionen maximal Fr. 200.&#8211; pro Jahr.<\/p>\n<p style=\"text-align: justify;\">Die j\u00e4hrlichen, von der Generalversammlung festgesetzten Mitgliederbeitr\u00e4ge sind im Protokoll der Generalversammlung ausdr\u00fccklich aufzuf\u00fchren.<\/p>\n<p style=\"text-align: justify;\">3.4 Im Falle einer Vereinsaufl\u00f6sung entscheidet die Generalversammlung \u00fcber die Verwendung des Verm\u00f6gens.<\/p>\n<h3 style=\"text-align: justify;\">4. ORGANISATION<\/h3>\n<p style=\"text-align: justify;\">4.1 Die Organe des Vereins sind:<\/p>\n<p class=\"rteindent1\" style=\"text-align: justify; padding-left: 30px;\">a. die Generalversammlung;<\/p>\n<p class=\"rteindent1\" style=\"text-align: justify; padding-left: 30px;\">b. der Vorstand;<\/p>\n<p class=\"rteindent1\" style=\"text-align: justify; padding-left: 30px;\">c. die Kontrollstelle.<\/p>\n<p style=\"text-align: justify;\">4.2 Die Generalversammlung ist das oberste Organ des Vereins.<\/p>\n<p style=\"text-align: justify;\">4.3 <span style=\"font-size: revert; color: initial; font-family: -apple-system, BlinkMacSystemFont, 'Segoe UI', Roboto, Oxygen-Sans, Ubuntu, Cantarell, 'Helvetica Neue', sans-serif;\">Einberufung und Vorsitz an der Generalversammlung erfolgen durch den Pra\u0308sidenten oder die Pra\u0308sidentin. Die Generalversammlung findet nach Bedarf, mindestens jedoch einmal ja\u0308hrlich statt. Der Vorstand kann situativ entscheiden, ob die Versammlung mit physischer Pra\u0308senz, hybrid oder online durchgefu\u0308hrt wird. Die Traktanden sind den Mitgliedern bis spa\u0308testens zwanzig Tage vor der Versammlung bekannt zu geben. Antra\u0308ge der Mitglieder sind bis spa\u0308testens zehn Tage vor der Versammlung dem Vorstand einzureichen (Datum Poststempel oder Versanddatum E-Mail).<\/span><\/p>\n<p style=\"text-align: justify;\">4.4 Eine ausserordentliche Generalversammlung kann jederzeit vom Vorstand oder schriftlich durch einen F\u00fcnftel der Vereinsmitglieder verlangt werden. Sie hat binnen dreier Monaten statt zu finden.<\/p>\n<p style=\"text-align: justify;\">4.5 Die Generalversammlung verf\u00fcgt \u00fcber folgende Kompetenzen:<\/p>\n<p class=\"rteindent1\" style=\"text-align: justify; padding-left: 30px;\">a. Wahl der Stimmenz\u00e4hler;<\/p>\n<p class=\"rteindent1\" style=\"text-align: justify; padding-left: 30px;\">b. Genehmigung des Jahresberichtes und der Jahresrechnung;<\/p>\n<p class=\"rteindent1\" style=\"text-align: justify; padding-left: 30px;\">c. Wahl oder Best\u00e4tigung der Pr\u00e4sidentin\/des Pr\u00e4sidenten;<\/p>\n<p class=\"rteindent1\" style=\"text-align: justify; padding-left: 30px;\">d. Wahl oder Best\u00e4tigung der \u00fcbrigen Vorstandsmitglieder;<\/p>\n<p class=\"rteindent1\" style=\"text-align: justify; padding-left: 30px;\">e. Wahl oder Best\u00e4tigung von zwei Rechnungsrevisoren\/Innen;<\/p>\n<p class=\"rteindent1\" style=\"text-align: justify; padding-left: 30px;\">f. Festsetzung des j\u00e4hrlichen Mitgliederbeitrages;<\/p>\n<p class=\"rteindent1\" style=\"text-align: justify; padding-left: 30px;\">g. Genehmigung des Budgets;<\/p>\n<p class=\"rteindent1\" style=\"text-align: justify; padding-left: 30px;\">h. Statuten\u00e4nderungen;<\/p>\n<p class=\"rteindent1\" style=\"text-align: justify; padding-left: 30px;\">i. Aufl\u00f6sung des Vereins &#8222;St\u00e4dtepartnerschaft Luzern-Potsdam&#8220;.<\/p>\n<p style=\"text-align: justify;\">Jedes Mitglied verf\u00fcgt \u00fcber ein Stimmrecht.<\/p>\n<p style=\"text-align: justify;\">4.6 Der Vorstand wird f\u00fcr eine Amtsdauer von zwei Jahren gew\u00e4hlt und konstituiert sich bis auf den Pr\u00e4sidenten selbst.<\/p>\n<p style=\"text-align: justify;\">4.7 Der Vorstand setzt sich aus mindestens vier und maximal zehn Mitgliedern zusammen. Die Mindestzusammensetzung besteht aus:<\/p>\n<p class=\"rteindent1\" style=\"text-align: justify; padding-left: 30px;\">a. einer Pr\u00e4sidentin\/einem Pr\u00e4sidenten;<\/p>\n<p class=\"rteindent1\" style=\"text-align: justify; padding-left: 30px;\">b. einer Aktuarin\/einem Aktuar;<\/p>\n<p class=\"rteindent1\" style=\"text-align: justify; padding-left: 30px;\">c. einer Kassierin\/einem Kassier;<\/p>\n<p class=\"rteindent1\" style=\"text-align: justify; padding-left: 30px;\">d. einer Delegierten\/einem Delegierten des Stadtrates.<\/p>\n<p style=\"text-align: justify;\">4.8 Der Vorstand ist beschlussf\u00e4hig, wenn mehr als die H\u00e4lfte der Vorstandsmitglieder anwesend sind.<\/p>\n<p style=\"text-align: justify;\">4.9 Bei einer Vakanz innerhalb einer Amtsdauer ist der Vorstand bef\u00e4higt, sich selbst zu erg\u00e4nzen.<\/p>\n<p style=\"text-align: justify;\">4.10 Der Vorstand verf\u00fcgt \u00fcber s\u00e4mtliche Kompetenzen, die nicht ausdr\u00fccklich einem anderen Organ zugeordnet sind. Er hat insbesondere folgende Kompetenzen:<\/p>\n<p class=\"rteindent1\" style=\"text-align: justify; padding-left: 30px;\">a. Er vertritt den Verein nach Aussen und f\u00fchrt die laufenden Gesch\u00e4fte;<\/p>\n<p class=\"rteindent1\" style=\"text-align: justify; padding-left: 30px;\">b. Er erstellt den Jahresbericht und das Budget und ist f\u00fcr die Buch- und Kassaf\u00fchrung verantwortlich;<\/p>\n<p class=\"rteindent1\" style=\"text-align: justify; padding-left: 30px;\">c. Er w\u00e4hlt Mitglieder in andere Gremien, in denen dem Verein Vertretungen zustehen oder einger\u00e4umt werden;<\/p>\n<p class=\"rteindent1\" style=\"text-align: justify; padding-left: 30px;\">d. Er entscheidet \u00fcber den Beitritt zu Vereinen oder anderen juristischen Personen, die einen \u00e4hnlichen Zweck verfolgen;<\/p>\n<p class=\"rteindent1\" style=\"text-align: justify; padding-left: 30px;\">e. Er beschliesst \u00fcber die Einsetzung projektbezogener Aussch\u00fcsse und deren Rahmenbedingungen sowie \u00fcber die Einsetzung eines Beirates mit maximal 10 Mitgliedern.<\/p>\n<p style=\"text-align: justify;\">4.11 <span style=\"font-size: revert; color: initial; font-family: -apple-system, BlinkMacSystemFont, 'Segoe UI', Roboto, Oxygen-Sans, Ubuntu, Cantarell, 'Helvetica Neue', sans-serif;\">Die Kontrollstelle besteht aus zwei Rechnungsrevisoren\/Innen. Als Kontrollstelle kann auch das Finanzinspektorat der Stadt Luzern oder eine juristische Person ernannt werden. Sie wird fu\u0308r eine Amtsdauer von zwei Jahren gewa\u0308hlt.<\/span><\/p>\n<div class=\"page\" title=\"Page 4\">\n<div class=\"layoutArea\">\n<div class=\"column\">\n<p>Die Kontrollstelle pru\u0308ft die Jahresrechnung und erstattet der Generalversammlung schriftlich Bericht u\u0308ber das Pru\u0308fungsergebnis.<\/p>\n<\/div>\n<\/div>\n<\/div>\n<p style=\"text-align: justify;\">4.12 Die projektbezogenen Aussch\u00fcsse bereiten im Rahmen der vom Vorstand erlassenen Kompetenzen Aktionen und Veranstaltungen vor, die der Zielsetzung des Vereins entsprechen.<\/p>\n<p style=\"text-align: justify;\">Der Jahresbericht orientiert \u00fcber die T\u00e4tigkeit des Beirates.<\/p>\n<h3 style=\"text-align: justify;\">5. SCHLUSSBESTIMMUNGEN<\/h3>\n<p style=\"text-align: justify;\">5.1 Die \u00c4nderung der Statuten erfolgt auf Antrag des Vorstandes oder auf schriftliches Begehren einer Mehrheit der Mitglieder.<\/p>\n<p style=\"text-align: justify;\">5.2 Zur Aufl\u00f6sung des Vereins ist eine 2\/3-Mehrheit der an der Generalversammlung anwesenden Mitglieder notwendig.<\/p>\n<p style=\"text-align: justify;\">5.3 Das Vereinsjahr dauert vom 1. Januar bis 31. Dezember.<\/p>\n<p style=\"text-align: justify;\">Luzern, Mai 2023<\/p>\n","protected":false},"excerpt":{"rendered":"<p>Nachfolgend die Statuten des Vereins St\u00e4dtepartnerschaft Luzern-Potsdam. 1. NAME, SITZ UND ZWECK 1.1 Unter dem Namen &#8222;Verein St\u00e4dtepartnerschaft Luzern-Potsdam&#8220; besteht nach Art. 60 ff. ZGB ein politisch und konfessionell neutraler Verein. Der Verein hat seinen Sitz in der Stadt Luzern. 1.2 Der Verein bezweckt die F\u00f6rderung und Vertiefung der gesellschaftlichen, wirtschaftlichen, sozialen, sportlichen, bildungspolitischen und kulturellen Beziehungen zwischen den St\u00e4dten<\/p>\n<p><a class=\"more-link\" href=\"https:\/\/www.luzern-potsdam.ch\/?page_id=32\">Weiterlesen<\/a><\/p>\n","protected":false},"author":1,"featured_media":0,"parent":0,"menu_order":0,"comment_status":"closed","ping_status":"open","template":"","meta":{"footnotes":""},"class_list":["post-32","page","type-page","status-publish","hentry"],"_links":{"self":[{"href":"https:\/\/www.luzern-potsdam.ch\/index.php?rest_route=\/wp\/v2\/pages\/32","targetHints":{"allow":["GET"]}}],"collection":[{"href":"https:\/\/www.luzern-potsdam.ch\/index.php?rest_route=\/wp\/v2\/pages"}],"about":[{"href":"https:\/\/www.luzern-potsdam.ch\/index.php?rest_route=\/wp\/v2\/types\/page"}],"author":[{"embeddable":true,"href":"https:\/\/www.luzern-potsdam.ch\/index.php?rest_route=\/wp\/v2\/users\/1"}],"replies":[{"embeddable":true,"href":"https:\/\/www.luzern-potsdam.ch\/index.php?rest_route=%2Fwp%2Fv2%2Fcomments&post=32"}],"version-history":[{"count":5,"href":"https:\/\/www.luzern-potsdam.ch\/index.php?rest_route=\/wp\/v2\/pages\/32\/revisions"}],"predecessor-version":[{"id":903,"href":"https:\/\/www.luzern-potsdam.ch\/index.php?rest_route=\/wp\/v2\/pages\/32\/revisions\/903"}],"wp:attachment":[{"href":"https:\/\/www.luzern-potsdam.ch\/index.php?rest_route=%2Fwp%2Fv2%2Fmedia&parent=32"}],"curies":[{"name":"wp","href":"https:\/\/api.w.org\/{rel}","templated":true}]}}

<p style="text-align: justify;">Nachfolgend die Statuten des Vereins Städtepartnerschaft Luzern-Potsdam.</p>
<h3 style="text-align: justify;">1. NAME, SITZ UND ZWECK</h3>
<p style="text-align: justify;">1.1 Unter dem Namen &#8222;Verein Städtepartnerschaft Luzern-Potsdam&#8220; besteht nach Art. 60 ff. ZGB ein politisch und konfessionell neutraler Verein. Der Verein hat seinen Sitz in der Stadt Luzern.</p>
<p style="text-align: justify;">1.2 Der Verein bezweckt die Förderung und Vertiefung der gesellschaftlichen, wirtschaftlichen, sozialen, sportlichen, bildungspolitischen und kulturellen Beziehungen zwischen den Städten Luzern und Potsdam.</p>
<h3 style="text-align: justify;">2. MITGLIEDSCHAFT</h3>
<p style="text-align: justify;">2.1 Die Mitgliedschaft besteht aus Trägerinstitutionen und Einzelmitgliedern (juristische und natürliche Personen), welche die Ziele des Vereins unterstützen.</p>
<p style="text-align: justify;">2.2 Der Vorstand entscheidet über die Aufnahme in den Verein. Gegen den Entscheid des Vorstandes kann innert 30 Tagen seit dessen Zustellung bei der Generalversammlung Beschwerde erhoben werden.</p>
<p style="text-align: justify;">2.3 Der Austritt erfolgt durch Abgabe einer schriftlichen Austrittserklärung. Er kann unter Berücksichtigung einer 6-monatigen Kündigungsfrist auf Jahresende erfolgen.</p>
<p style="text-align: justify;">2.4 Mitglieder, welche die statutarischen Verpflichtungen nicht erfüllen, den Interessen des Vereines zuwider handeln oder dessen Ansehen gefährden, können durch den Vorstand, mit Weiterzugsrecht an die Generalversammlung, ausgeschlossen werden.</p>
<h3 style="text-align: justify;">3. MITTEL</h3>
<p style="text-align: justify;">3.1 Mitgliederbeiträge, Schenkungen und Beiträge der öffentlichen Hand bilden die Mittel des Vereins.</p>
<p style="text-align: justify;">3.2 Für die Verbindlichkeiten des Vereins haftet ausschliesslich das Vereinsvermögen. Jede persönliche Haftung der Mitglieder ist ausgeschlossen.</p>
<p style="text-align: justify;">3.3 Die Höhe des Mitgliederbeitrages wird jährlich von der Generalversammlung neu festgesetzt. Der Mitgliederbeitrag für Einzelpersonen beträgt maximal Fr. 60.&#8211;, für Studierende maximal 40.&#8211;, für Paare und Familien maximal 120.&#8211; und für Firmen und Institutionen maximal Fr. 200.&#8211; pro Jahr.</p>
<p style="text-align: justify;">Die jährlichen, von der Generalversammlung festgesetzten Mitgliederbeiträge sind im Protokoll der Generalversammlung ausdrücklich aufzuführen.</p>
<p style="text-align: justify;">3.4 Im Falle einer Vereinsauflösung entscheidet die Generalversammlung über die Verwendung des Vermögens.</p>
<h3 style="text-align: justify;">4. ORGANISATION</h3>
<p style="text-align: justify;">4.1 Die Organe des Vereins sind:</p>
<p class="rteindent1" style="text-align: justify; padding-left: 30px;">a. die Generalversammlung;</p>
<p class="rteindent1" style="text-align: justify; padding-left: 30px;">b. der Vorstand;</p>
<p class="rteindent1" style="text-align: justify; padding-left: 30px;">c. die Kontrollstelle.</p>
<p style="text-align: justify;">4.2 Die Generalversammlung ist das oberste Organ des Vereins.</p>
<p style="text-align: justify;">4.3 <span style="font-size: revert; color: initial; font-family: -apple-system, BlinkMacSystemFont, 'Segoe UI', Roboto, Oxygen-Sans, Ubuntu, Cantarell, 'Helvetica Neue', sans-serif;">Einberufung und Vorsitz an der Generalversammlung erfolgen durch den Präsidenten oder die Präsidentin. Die Generalversammlung findet nach Bedarf, mindestens jedoch einmal jährlich statt. Der Vorstand kann situativ entscheiden, ob die Versammlung mit physischer Präsenz, hybrid oder online durchgeführt wird. Die Traktanden sind den Mitgliedern bis spätestens zwanzig Tage vor der Versammlung bekannt zu geben. Anträge der Mitglieder sind bis spätestens zehn Tage vor der Versammlung dem Vorstand einzureichen (Datum Poststempel oder Versanddatum E-Mail).</span></p>
<p style="text-align: justify;">4.4 Eine ausserordentliche Generalversammlung kann jederzeit vom Vorstand oder schriftlich durch einen Fünftel der Vereinsmitglieder verlangt werden. Sie hat binnen dreier Monaten statt zu finden.</p>
<p style="text-align: justify;">4.5 Die Generalversammlung verfügt über folgende Kompetenzen:</p>
<p class="rteindent1" style="text-align: justify; padding-left: 30px;">a. Wahl der Stimmenzähler;</p>
<p class="rteindent1" style="text-align: justify; padding-left: 30px;">b. Genehmigung des Jahresberichtes und der Jahresrechnung;</p>
<p class="rteindent1" style="text-align: justify; padding-left: 30px;">c. Wahl oder Bestätigung der Präsidentin/des Präsidenten;</p>
<p class="rteindent1" style="text-align: justify; padding-left: 30px;">d. Wahl oder Bestätigung der übrigen Vorstandsmitglieder;</p>
<p class="rteindent1" style="text-align: justify; padding-left: 30px;">e. Wahl oder Bestätigung von zwei Rechnungsrevisoren/Innen;</p>
<p class="rteindent1" style="text-align: justify; padding-left: 30px;">f. Festsetzung des jährlichen Mitgliederbeitrages;</p>
<p class="rteindent1" style="text-align: justify; padding-left: 30px;">g. Genehmigung des Budgets;</p>
<p class="rteindent1" style="text-align: justify; padding-left: 30px;">h. Statutenänderungen;</p>
<p class="rteindent1" style="text-align: justify; padding-left: 30px;">i. Auflösung des Vereins &#8222;Städtepartnerschaft Luzern-Potsdam&#8220;.</p>
<p style="text-align: justify;">Jedes Mitglied verfügt über ein Stimmrecht.</p>
<p style="text-align: justify;">4.6 Der Vorstand wird für eine Amtsdauer von zwei Jahren gewählt und konstituiert sich bis auf den Präsidenten selbst.</p>
<p style="text-align: justify;">4.7 Der Vorstand setzt sich aus mindestens vier und maximal zehn Mitgliedern zusammen. Die Mindestzusammensetzung besteht aus:</p>
<p class="rteindent1" style="text-align: justify; padding-left: 30px;">a. einer Präsidentin/einem Präsidenten;</p>
<p class="rteindent1" style="text-align: justify; padding-left: 30px;">b. einer Aktuarin/einem Aktuar;</p>
<p class="rteindent1" style="text-align: justify; padding-left: 30px;">c. einer Kassierin/einem Kassier;</p>
<p class="rteindent1" style="text-align: justify; padding-left: 30px;">d. einer Delegierten/einem Delegierten des Stadtrates.</p>
<p style="text-align: justify;">4.8 Der Vorstand ist beschlussfähig, wenn mehr als die Hälfte der Vorstandsmitglieder anwesend sind.</p>
<p style="text-align: justify;">4.9 Bei einer Vakanz innerhalb einer Amtsdauer ist der Vorstand befähigt, sich selbst zu ergänzen.</p>
<p style="text-align: justify;">4.10 Der Vorstand verfügt über sämtliche Kompetenzen, die nicht ausdrücklich einem anderen Organ zugeordnet sind. Er hat insbesondere folgende Kompetenzen:</p>
<p class="rteindent1" style="text-align: justify; padding-left: 30px;">a. Er vertritt den Verein nach Aussen und führt die laufenden Geschäfte;</p>
<p class="rteindent1" style="text-align: justify; padding-left: 30px;">b. Er erstellt den Jahresbericht und das Budget und ist für die Buch- und Kassaführung verantwortlich;</p>
<p class="rteindent1" style="text-align: justify; padding-left: 30px;">c. Er wählt Mitglieder in andere Gremien, in denen dem Verein Vertretungen zustehen oder eingeräumt werden;</p>
<p class="rteindent1" style="text-align: justify; padding-left: 30px;">d. Er entscheidet über den Beitritt zu Vereinen oder anderen juristischen Personen, die einen ähnlichen Zweck verfolgen;</p>
<p class="rteindent1" style="text-align: justify; padding-left: 30px;">e. Er beschliesst über die Einsetzung projektbezogener Ausschüsse und deren Rahmenbedingungen sowie über die Einsetzung eines Beirates mit maximal 10 Mitgliedern.</p>
<p style="text-align: justify;">4.11 <span style="font-size: revert; color: initial; font-family: -apple-system, BlinkMacSystemFont, 'Segoe UI', Roboto, Oxygen-Sans, Ubuntu, Cantarell, 'Helvetica Neue', sans-serif;">Die Kontrollstelle besteht aus zwei Rechnungsrevisoren/Innen. Als Kontrollstelle kann auch das Finanzinspektorat der Stadt Luzern oder eine juristische Person ernannt werden. Sie wird für eine Amtsdauer von zwei Jahren gewählt.</span></p>
<div class="page" title="Page 4">
<div class="layoutArea">
<div class="column">
<p>Die Kontrollstelle prüft die Jahresrechnung und erstattet der Generalversammlung schriftlich Bericht über das Prüfungsergebnis.</p>
</div>
</div>
</div>
<p style="text-align: justify;">4.12 Die projektbezogenen Ausschüsse bereiten im Rahmen der vom Vorstand erlassenen Kompetenzen Aktionen und Veranstaltungen vor, die der Zielsetzung des Vereins entsprechen.</p>
<p style="text-align: justify;">Der Jahresbericht orientiert über die Tätigkeit des Beirates.</p>
<h3 style="text-align: justify;">5. SCHLUSSBESTIMMUNGEN</h3>
<p style="text-align: justify;">5.1 Die Änderung der Statuten erfolgt auf Antrag des Vorstandes oder auf schriftliches Begehren einer Mehrheit der Mitglieder.</p>
<p style="text-align: justify;">5.2 Zur Auflösung des Vereins ist eine 2/3-Mehrheit der an der Generalversammlung anwesenden Mitglieder notwendig.</p>
<p style="text-align: justify;">5.3 Das Vereinsjahr dauert vom 1. Januar bis 31. Dezember.</p>
<p style="text-align: justify;">Luzern, Mai 2023</p>

<p>Nachfolgend die Statuten des Vereins Städtepartnerschaft Luzern-Potsdam. 1. NAME, SITZ UND ZWECK 1.1 Unter dem Namen &#8222;Verein Städtepartnerschaft Luzern-Potsdam&#8220; besteht nach Art. 60 ff. ZGB ein politisch und konfessionell neutraler Verein. Der Verein hat seinen Sitz in der Stadt Luzern. 1.2 Der Verein bezweckt die Förderung und Vertiefung der gesellschaftlichen, wirtschaftlichen, sozialen, sportlichen, bildungspolitischen und kulturellen Beziehungen zwischen den Städten</p>
<p><a class="more-link" href="https://www.luzern-potsdam.ch/?page_id=32">Weiterlesen</a></p>
