{"id":544,"date":"2022-01-17T16:28:04","date_gmt":"2022-01-17T14:28:04","guid":{"rendered":"https:\/\/www.luzern-potsdam.ch\/?page_id=544"},"modified":"2022-10-20T07:56:17","modified_gmt":"2022-10-20T06:56:17","slug":"events-2","status":"publish","type":"page","link":"https:\/\/www.luzern-potsdam.ch\/?page_id=544","title":{"rendered":"News"},"content":{"rendered":"\n<h1 class=\"wp-block-heading\">News<\/h1>\n\n\n<ul class=\"wp-block-latest-posts__list has-dates wp-block-latest-posts\"><li><a class=\"wp-block-latest-posts__post-title\" href=\"https:\/\/www.luzern-potsdam.ch\/?p=1220\">Besuch vom Freundeskreis St\u00e4dtepartnerschaft Potsdam-Luzern in Luzern<\/a><time datetime=\"2026-02-15T13:06:46+01:00\" class=\"wp-block-latest-posts__post-date\">15. Februar 2026<\/time><div class=\"wp-block-latest-posts__post-excerpt\">Im Oktober 2025 hatten wir in Luzern Besuch aus Potsdam, und das bei wundersch\u00f6nem Herbstwetter. Am Mittwoch gab es eine F\u00fchrung durch Luzern von unserem ehemaligen Stadtrat und Historiker Ruedi Meier. Am Donnerstag konnte die ganze Gruppe das Nebelmeer vom Stanserhorn aus geniessen. Dabei entdeckten wir eine weitere Gemeinsamkeit zwischen den beiden St\u00e4dten: das traditionelle Wurstbr\u00e4teln! Der Besuch bei der<br><br><a class=\"more-link\" href=\"https:\/\/www.luzern-potsdam.ch\/?p=1220\">Weiterlesen<\/a><\/div><\/li>\n<li><a class=\"wp-block-latest-posts__post-title\" href=\"https:\/\/www.luzern-potsdam.ch\/?p=1133\">Schl\u00f6sserlauf vom 14.6.25<\/a><time datetime=\"2025-06-30T12:09:55+01:00\" class=\"wp-block-latest-posts__post-date\">30. Juni 2025<\/time><div class=\"wp-block-latest-posts__post-excerpt\">Luzerner Delegation am Potsdamer Schl\u00f6sserlauf Am 14. Juni 2025 war es wieder soweit \u2013 eine Delegation von neun sportlichen Luzernern trat die Reise nach Potsdam an. Einmal mehr war der 20. Schl\u00f6sserlauf in Potsdam trotz der grossen Hitze ein voller Erfolg. Unter den 5&#8217;500 angemeldeten L\u00e4ufern befanden sich drei Halbmarathonl\u00e4ufer sowie drei Zehnkilometerl\u00e4ufer*innen aus Luzern. Alle konnten sich erfolgreich durch<br><br><a class=\"more-link\" href=\"https:\/\/www.luzern-potsdam.ch\/?p=1133\">Weiterlesen<\/a><\/div><\/li>\n<li><a class=\"wp-block-latest-posts__post-title\" href=\"https:\/\/www.luzern-potsdam.ch\/?p=1141\">Gedenkstein erinnert an Schweizer Siedler in Nattwerder (Potsdam)<\/a><time datetime=\"2025-06-30T08:42:46+01:00\" class=\"wp-block-latest-posts__post-date\">30. Juni 2025<\/time><div class=\"wp-block-latest-posts__post-excerpt\">Vor 340 Jahren \u2013 am 18. Juni 1685 \u2013 landeten 14 reformierte Schweizer Familien in Nattwerder (Link auf&nbsp;https:\/\/www.nattwerder.de\/), um im Auftrag des Kurf\u00fcrsten Friedrich Wilhelm das Golmer Bruch urbar zu machen. Zur Erinnerung wurde nun ein Gedenkstein mit Messingtafel in der N\u00e4he der Br\u00fccke zwischen Einhaus und T\u00f6plitz aufgestellt \u2013 ein Findling aus Thierachern (BE), dem Herkunftsort der Siedler. Zur<br><br><a class=\"more-link\" href=\"https:\/\/www.luzern-potsdam.ch\/?p=1141\">Weiterlesen<\/a><\/div><\/li>\n<li><a class=\"wp-block-latest-posts__post-title\" href=\"https:\/\/www.luzern-potsdam.ch\/?p=1159\">Austausch der Kantonsschule Reussb\u00fchl Luzern mit der Sportschule Potsdam 2025<\/a><time datetime=\"2025-06-29T02:38:44+01:00\" class=\"wp-block-latest-posts__post-date\">29. Juni 2025<\/time><div class=\"wp-block-latest-posts__post-excerpt\">Studienwoche L23b in Potsdam vom 18.5. bis 22.5.25 Bereits zum dritten Mal konnte vom 18. bis zum 22. Mai 2025 nun eine Schulklasse der Kantonsschule Reussb\u00fchl Luzern die Sportschule Potsdam besuchen und zum zweiten Mal in Folge kam im Gegenzug auch eine Sportklasse der Partnerschule f\u00fcr eine Woche bei der KSR Luzern zu Besuch. Besuch einer Potsdamer Leichathlektikklasse anfangs April<br><br><a class=\"more-link\" href=\"https:\/\/www.luzern-potsdam.ch\/?p=1159\">Weiterlesen<\/a><\/div><\/li>\n<li><a class=\"wp-block-latest-posts__post-title\" href=\"https:\/\/www.luzern-potsdam.ch\/?p=1113\">Luzner Stadtlauf vom 3. Mai 2025<\/a><time datetime=\"2025-05-08T12:43:41+01:00\" class=\"wp-block-latest-posts__post-date\">8. Mai 2025<\/time><div class=\"wp-block-latest-posts__post-excerpt\">Der Luzerner Stadtlauf 2025 ist schon wieder Geschichte. Auch dieses Jahr waren wieder 14 Athleten\/innen und 2 Betreuer\/innen Teil von diesem Event. Der OSC Potsdam und die Sch\u00fcler der Zeppelin-Grundschule Potsdam (sie starteten alle f\u00fcr den SC Potsdam) reisten am Freitag in die Leuchtenstadt. Der Nachmittag verbrachte man ganz unterschiedlich. Die einten machten, eine Schifffahrt, andere ein Nickerchen und gewisse<br><br><a class=\"more-link\" href=\"https:\/\/www.luzern-potsdam.ch\/?p=1113\">Weiterlesen<\/a><\/div><\/li>\n<\/ul>","protected":false},"excerpt":{"rendered":"<p>News<\/p>\n","protected":false},"author":5,"featured_media":0,"parent":22,"menu_order":0,"comment_status":"closed","ping_status":"closed","template":"","meta":{"footnotes":""},"class_list":["post-544","page","type-page","status-publish","hentry"],"_links":{"self":[{"href":"https:\/\/www.luzern-potsdam.ch\/index.php?rest_route=\/wp\/v2\/pages\/544","targetHints":{"allow":["GET"]}}],"collection":[{"href":"https:\/\/www.luzern-potsdam.ch\/index.php?rest_route=\/wp\/v2\/pages"}],"about":[{"href":"https:\/\/www.luzern-potsdam.ch\/index.php?rest_route=\/wp\/v2\/types\/page"}],"author":[{"embeddable":true,"href":"https:\/\/www.luzern-potsdam.ch\/index.php?rest_route=\/wp\/v2\/users\/5"}],"replies":[{"embeddable":true,"href":"https:\/\/www.luzern-potsdam.ch\/index.php?rest_route=%2Fwp%2Fv2%2Fcomments&post=544"}],"version-history":[{"count":5,"href":"https:\/\/www.luzern-potsdam.ch\/index.php?rest_route=\/wp\/v2\/pages\/544\/revisions"}],"predecessor-version":[{"id":797,"href":"https:\/\/www.luzern-potsdam.ch\/index.php?rest_route=\/wp\/v2\/pages\/544\/revisions\/797"}],"up":[{"embeddable":true,"href":"https:\/\/www.luzern-potsdam.ch\/index.php?rest_route=\/wp\/v2\/pages\/22"}],"wp:attachment":[{"href":"https:\/\/www.luzern-potsdam.ch\/index.php?rest_route=%2Fwp%2Fv2%2Fmedia&parent=544"}],"curies":[{"name":"wp","href":"https:\/\/api.w.org\/{rel}","templated":true}]}}

<h1 class="wp-block-heading">News</h1>


<ul class="wp-block-latest-posts__list has-dates wp-block-latest-posts"><li><a class="wp-block-latest-posts__post-title" href="https://www.luzern-potsdam.ch/?p=1220">Besuch vom Freundeskreis Städtepartnerschaft Potsdam-Luzern in Luzern</a><time datetime="2026-02-15T13:06:46+01:00" class="wp-block-latest-posts__post-date">15. Februar 2026</time><div class="wp-block-latest-posts__post-excerpt">Im Oktober 2025 hatten wir in Luzern Besuch aus Potsdam, und das bei wunderschönem Herbstwetter. Am Mittwoch gab es eine Führung durch Luzern von unserem ehemaligen Stadtrat und Historiker Ruedi Meier. Am Donnerstag konnte die ganze Gruppe das Nebelmeer vom Stanserhorn aus geniessen. Dabei entdeckten wir eine weitere Gemeinsamkeit zwischen den beiden Städten: das traditionelle Wurstbräteln! Der Besuch bei der<br><br><a class="more-link" href="https://www.luzern-potsdam.ch/?p=1220">Weiterlesen</a></div></li>
<li><a class="wp-block-latest-posts__post-title" href="https://www.luzern-potsdam.ch/?p=1133">Schlösserlauf vom 14.6.25</a><time datetime="2025-06-30T12:09:55+01:00" class="wp-block-latest-posts__post-date">30. Juni 2025</time><div class="wp-block-latest-posts__post-excerpt">Luzerner Delegation am Potsdamer Schlösserlauf Am 14. Juni 2025 war es wieder soweit – eine Delegation von neun sportlichen Luzernern trat die Reise nach Potsdam an. Einmal mehr war der 20. Schlösserlauf in Potsdam trotz der grossen Hitze ein voller Erfolg. Unter den 5&#8217;500 angemeldeten Läufern befanden sich drei Halbmarathonläufer sowie drei Zehnkilometerläufer*innen aus Luzern. Alle konnten sich erfolgreich durch<br><br><a class="more-link" href="https://www.luzern-potsdam.ch/?p=1133">Weiterlesen</a></div></li>
<li><a class="wp-block-latest-posts__post-title" href="https://www.luzern-potsdam.ch/?p=1141">Gedenkstein erinnert an Schweizer Siedler in Nattwerder (Potsdam)</a><time datetime="2025-06-30T08:42:46+01:00" class="wp-block-latest-posts__post-date">30. Juni 2025</time><div class="wp-block-latest-posts__post-excerpt">Vor 340 Jahren – am 18. Juni 1685 – landeten 14 reformierte Schweizer Familien in Nattwerder (Link auf&nbsp;https://www.nattwerder.de/), um im Auftrag des Kurfürsten Friedrich Wilhelm das Golmer Bruch urbar zu machen. Zur Erinnerung wurde nun ein Gedenkstein mit Messingtafel in der Nähe der Brücke zwischen Einhaus und Töplitz aufgestellt – ein Findling aus Thierachern (BE), dem Herkunftsort der Siedler. Zur<br><br><a class="more-link" href="https://www.luzern-potsdam.ch/?p=1141">Weiterlesen</a></div></li>
<li><a class="wp-block-latest-posts__post-title" href="https://www.luzern-potsdam.ch/?p=1159">Austausch der Kantonsschule Reussbühl Luzern mit der Sportschule Potsdam 2025</a><time datetime="2025-06-29T02:38:44+01:00" class="wp-block-latest-posts__post-date">29. Juni 2025</time><div class="wp-block-latest-posts__post-excerpt">Studienwoche L23b in Potsdam vom 18.5. bis 22.5.25 Bereits zum dritten Mal konnte vom 18. bis zum 22. Mai 2025 nun eine Schulklasse der Kantonsschule Reussbühl Luzern die Sportschule Potsdam besuchen und zum zweiten Mal in Folge kam im Gegenzug auch eine Sportklasse der Partnerschule für eine Woche bei der KSR Luzern zu Besuch. Besuch einer Potsdamer Leichathlektikklasse anfangs April<br><br><a class="more-link" href="https://www.luzern-potsdam.ch/?p=1159">Weiterlesen</a></div></li>
<li><a class="wp-block-latest-posts__post-title" href="https://www.luzern-potsdam.ch/?p=1113">Luzner Stadtlauf vom 3. Mai 2025</a><time datetime="2025-05-08T12:43:41+01:00" class="wp-block-latest-posts__post-date">8. Mai 2025</time><div class="wp-block-latest-posts__post-excerpt">Der Luzerner Stadtlauf 2025 ist schon wieder Geschichte. Auch dieses Jahr waren wieder 14 Athleten/innen und 2 Betreuer/innen Teil von diesem Event. Der OSC Potsdam und die Schüler der Zeppelin-Grundschule Potsdam (sie starteten alle für den SC Potsdam) reisten am Freitag in die Leuchtenstadt. Der Nachmittag verbrachte man ganz unterschiedlich. Die einten machten, eine Schifffahrt, andere ein Nickerchen und gewisse<br><br><a class="more-link" href="https://www.luzern-potsdam.ch/?p=1113">Weiterlesen</a></div></li>
</ul>
